620?
8
What is the hundreds digit of 331652?
6
What is the units digit of 13646863?
3
What is the hundred thousands digit of 2824123?
8
What is the units digit of 595946?
6
What is the hundred thousands digit of 14410839?
4
What is the ten thousands digit of 168046?
6
What is the hundreds digit of 4268038?
0
What is the hundred thousands digit of 733744?
7
What is the hundred thousands digit of 6524636?
5
What is the thousands digit of 697353?
7
What is the hundreds digit of 6929217?
2
What is the thousands digit of 249338?
9
What is the thousands digit of 526508?
6
What is the millions digit of 4233348?
4
What is the ten thousands digit of 28018912?
1
What is the thousands digit of 294368?
4
What is the units digit of 516839?
9
What is the millions digit of 4017811?
4
What is the ten thousands digit of 233673?
3
What is the tens digit of 2258040?
4
What is the tens digit of 17884713?
1
What is the hundreds digit of 249611?
6
What is the millions digit of 4895261?
4
What is the thousands digit of 6895840?
5
What is the hundred thousands digit of 250523?
2
What is the ten thousands digit of 427460?
2
What is the ten thousands digit of 577590?
7
What is the millions digit of 19628161?
9
What is the hundred thousands digit of 132289?
1
What is the tens digit of 3318985?
8
What is the units digit of 645028?
8
What is the hundred thousands digit of 4735285?
7
What is the ten thousands digit of 2617722?
1
What is the hundred thousands digit of 239070?
2
What is the units digit of 836192?
2
What is the units digit of 17383308?
8
What is the hundred thousands digit of 1055168?
0
What is the ten thousands digit of 745595?
4
What is the ten thousands digit of 776755?
7
What is the thousands digit of 1682799?
2
What is the units digit of 9782304?
4
What is the hundred thousands digit of 2897408?
8
What is the ten thousands digit of 769319?
6
What is the hundreds digit of 2325005?
0
What is the thousands digit of 3476475?
6
What is the units digit of 11723813?
3
What is the units digit of 449527?
7
What is the hundreds digit of 421898?
8
What is the ten thousands digit of 745770?
4
What is the tens digit of 347894?
9
What is the tens digit of 125652?
5
What is the units digit of 82555?
5
What is the thousands digit of 1009255?
9
What is the hundred thousands digit of 418946?
4
What is the tens digit of 35364?
6
What is the hundred thousands digit of 4239354?
2
What is the tens digit of 9543?
4
What is the thousands digit of 719453?
9
What is the hundreds digit of 84937?
9
What is the thousands digit of 624440?
4
What is the units digit of 239831?
1
What is the hundred thousands digit of 544328?
5
What is the hundreds digit of 178242?
2
What is the ten thousands digit of 16239338?
3
What is the hundred thousands digit of 14332940?
3
What is the thousands digit of 234373?
4
What is the tens digit of 757711?
1
What is the hundreds digit of 20893331?
3
What is the hundreds digit of 57569?
5
What is the thousands digit of 22606206?
6
What is the tens digit of 8673941?
4
What is the thousands digit of 3544301?
4
What is the units digit of 597236?
6
What is the tens digit of 172147?
4
What is the units digit of 220777?
7
What is the thousands digit of 5725410?
5
What is the ten thousands digit of 592466?
9
What is the ten thousands digit of 284720?
8
What is the tens digit of 3398222?
2
What is the millions digit of 20240776?
0
What is the tens digit of 18828802?
0
What is the thousands digit of 268707?
8
What is the hundreds digit of 745700?
7
What is the units digit of 1806917?
7
What is the units digit of 102527?
7
What is the hundreds digit of 86127?
1
What is the ten thousands digit of 62355?
6
What is the units digit of 464038?
8
What is the ten thousands digit of 349257?
4
What is the tens digit of 3998428?
2
What is the thousands digit of 89537?
9
What is the ten thousands digit of 21942456?
4
What is the hundred thousands digit of 189966?
1
What is the hundreds digit of 2236828?
8
What is the units digit of 314972?
2
What is the tens digit of 12360433?
3
What is the ten thousands digit of 3802434?
0
What is the thousands digit of 338690?
8
What is the ten thousands digit of 894847?
9
What is the thousands digit of 619272?
9
What is the hundreds digit of 11192055?
0
What is the hundreds digit of 2683558?
5
What is the units digit of 208827?
7
What is the tens digit of 1503242?
4
What is the millions digit of 1710210?
1
What is the thousands digit of 40557?
0
What is the thousands digit of 179754?
9
What is the thousands digit of 6123?
6
What is the units digit of 248029?
9
What is the millions digit of 3281521?
3
What is the millions digit of 14310786?
4
What is the ten thousands digit of 305895?
0
What is the tens digit of 11084384?
8
What is the units digit of 148390?
0
What is the ten thousands digit of 177971?
7
What is the units digit of 4535622?
2
What is the units digit of 1284799?
9
What is the ten millions digit of 16973656?
1
What is the tens digit of 10266397?
9
What is the hundred thousands digit of 11739742?
7
What is the ten millions digit of 15553907?
1
What is the tens digit of 15613339?
3
What is the millions digit of 5182720?
5
What is the ten thousands digit of 2807461?
0
What is the hundred thousands digit of 212237?
2
What is the hundred thousands digit of 4974180?
9
What is the tens digit of 2858879?
7
What is the millions digit of 5723750?
5
What is the hundreds digit of 354077?
0
What is the millions digit of 14637491?
4
What is the ten thousands digit of 64279?
6
What is the hundreds digit of 163103?
1
What is the hundred thousands digit of 138385?
1
What is the hundreds digit of 2343702?
7
What is the hundreds digit of 56165?
1
What is the units digit of 607480?
0
What is the millions digit of 14890099?
4
What is the units digit of 836954?
4
What is the hundreds digit of 10993?
9
What is the hundreds digit of 1189937?
9
What is the ten thousands digit of 1476666?
7
What is the ten thousands digit of 325115?
2
What is the thousands digit of 28032123?
2
What is the units digit of 5669737?
7
What is the hundreds digit of 462748?
7
What is the hundreds digit of 376406?
4
What is the tens digit of 179412?
1
What is the thousands digit of 82287?
2
What is the hundreds digit of 276670?
6
What is the ten thousands digit of 351190?
5
What is the ten thousands digit of 88951?
8
What is the hundred thousands digit of 2606283?
6
What is the hundred thousands digit of 180593?
1
What is the ten thousands digit of 1109061?
0
What is the hundred thousands digit of 1542545?
5
What is the units digit of 968715?
5
What is the hundred thousands digit of 171158?
1
What is the hundreds digit of 4510787?
7
What is the millions digit of 21886507?
1
What is the millions digit of 15439173?
5
What is the units digit of 1080808?
8
What is the hundred thousands digit of 802083?
8
What is the units digit of 455551?
1
What is the hundred thousands digit of 381206?
3
What is the hundreds digit of 215241?
2
What is the units digit of 535468?
8
What is the hundreds digit of 520103?
1
What is the hundreds digit of 72910?
9
What is the tens digit of 718560?
6
What is the units digit of 482470?
0
What is the millions digit of 1028088?
1
What is the hundreds digit of 261559?
5
What is the ten thousands digit of 1926685?
2
What is the hundreds digit of 6546777?
7
What is the tens digit of 15638945?
4
What is the thousands digit of 1358046?
8
What is the ten thousands digit of 78000?
7
What is the hundred thousands digit of 6399049?
3
What is the thousands digit of 2566850?
6
What is the hundreds digit of 6326197?
1
What is the tens digit of 1527276?
7
What is the ten thousands digit of 2264215?
6
What is the thousands digit of 3300297?
0
What is the tens digit of 639793?
9
What is the tens digit of 1163554?
5
What is the thousands digit of 979580?
9
What is the hundred thousands digit of 152179?
1
What is the millions digit of 2518271?
2
What is the thousands digit of 997284?
7
What is the ten thousands digit of 9051339?
5
What is the hundred thousands digit of 5796245?
7
What is the hundred thousands digit of 9634846?
6
What is the tens digit of 2823477?
7
What is the hundreds digit of 2060781?
7
What is the thousands digit of 13865674?
5
What is the tens digit